{"id":478,"date":"2021-04-08T22:33:24","date_gmt":"2021-04-08T20:33:24","guid":{"rendered":"http:\/\/www.leitner-forst.at\/?page_id=478"},"modified":"2021-05-21T22:51:38","modified_gmt":"2021-05-21T20:51:38","slug":"ruecktritts-widerrufsrecht","status":"publish","type":"page","link":"http:\/\/www.leitner-forst.at\/?page_id=478","title":{"rendered":"R\u00fccktritts- \/ Widerrufsrecht"},"content":{"rendered":"\n<p class=\"has-text-color has-large-font-size\" style=\"color:#c5aa7f\">R\u00fccktritts-\/ Widerrufsrecht<\/p>\n\n\n\n<p>Sie k\u00f6nnen die erhaltene Ware ohne Angabe von Gr\u00fcnden innerhalb von 14 Tagen durch R\u00fccksendung der Ware zur\u00fcckgeben. Die Kosten der R\u00fccksendung werden vom Kunden getragen.<\/p>\n\n\n\n<p class=\"has-medium-font-size\"><strong>Widerrufsbelehrung<\/strong><\/p>\n\n\n\n<p>Die folgende Widerrufsbelehrung gilt f\u00fcr Vertr\u00e4ge \u00fcber Waren, welche als Paket mit der Post oder einem anderen Versanddienstleister, versandt werden k\u00f6nnen.<\/p>\n\n\n\n<p class=\"has-medium-font-size\"><strong>Widerrufsrecht f\u00fcr paketversandf\u00e4hige Waren<\/strong><\/p>\n\n\n\n<p>Als Verbraucher haben Sie das Recht, binnen 14 Tagen ohne Angabe von Gr\u00fcnden diesen Vertrag zu widerrufen. Die gesetzliche Widerrufsfrist betr\u00e4gt 14 Tage ab dem Tag an dem Sie oder ein von Ihnen benannter Dritter, der nicht der Bef\u00f6rderer ist, die Ware zuletzt in Besitz genommen hat. Weiters r\u00e4umen wir Ihnen zu dieser Frist ein erweitertes R\u00fcckgaberecht von 16 Tagen ein. Sie haben somit 30 Tage Zeit um die Ware zur\u00fcckzusenden.<\/p>\n\n\n\n<p>Um Ihr Widerrufsrecht auszu\u00fcben, m\u00fcssen Sie uns mittels einer eindeutigen Erkl\u00e4rung (zum Beispiel einem mit der Post versandten Brief, Telefax oder E-Mail) \u00fcber Ihren Entschluss, diesen Vertrag zu widerrufen, informieren.<\/p>\n\n\n\n<p>Sie k\u00f6nnen daf\u00fcr unser <a href=\"http:\/\/www.leitner-forst.at\/?page_id=491&amp;preview=true\">Muster-Widerrufsformular&nbsp;<\/a>verwenden, dies ist jedoch nicht zwingend erforderlich. Zur Wahrung der Widerrufsfrist reicht es aus, dass Sie die Mitteilung \u00fcber die Aus\u00fcbung des Widerrufsrechts vor Ablauf der Widerrufsfrist absenden.<\/p>\n\n\n\n<p class=\"has-medium-font-size\"><strong>Folgen des Widerrufs<\/strong><\/p>\n\n\n\n<p>Wenn Sie diesen Vertrag widerrufen, haben wir Ihnen alle Zahlungen, die wir von Ihnen erhalten haben, einschlie\u00dflich der Lieferkosten (mit Ausnahme der zus\u00e4tzlichen Kosten, die sich daraus ergeben, dass Sie eine andere Art der Lieferung als die von uns angebotene, g\u00fcnstigste Standardlieferung gew\u00e4hlt haben), unverz\u00fcglich und sp\u00e4testens binnen 14 Tagen ab dem Tag zur\u00fcckzuzahlen, an dem die Mitteilung \u00fcber Ihren Widerruf dieses Vertrags bei uns eingegangen ist. F\u00fcr diese R\u00fcckzahlung verwenden wir dasselbe Zahlungsmittel, dass Sie bei der urspr\u00fcnglichen Transaktion eingesetzt haben, es sei denn, mit Ihnen wurde ausdr\u00fccklich etwas anderes vereinbart; in keinem Fall werden Ihnen wegen dieser R\u00fcckzahlung Entgelte berechnet. Wir k\u00f6nnen die R\u00fcckzahlung verweigern, bis wir die Waren wieder zur\u00fcckerhalten haben oder bis Sie den Nachweis erbracht haben, dass Sie die Waren zur\u00fcckgesandt haben, je nachdem, welches der fr\u00fchere Zeitpunkt ist.<\/p>\n\n\n\n<p>Sie m\u00fcssen f\u00fcr einen etwaigen Wertverlust der Waren nur aufkommen, wenn dieser Wertverlust auf einen zur Pr\u00fcfung der Beschaffenheit, Eigenschaften und Funktionsweise der Waren nicht notwendigen Umgang mit ihnen zur\u00fcckzuf\u00fchren ist.<\/p>\n\n\n\n<p>Bitte senden Sie die Waren unverz\u00fcglich und in jedem Fall sp\u00e4testens binnen 14 Tagen ab dem Tag, an dem Sie uns \u00fcber den Widerruf dieses Vertrags unterrichten, an uns<\/p>\n\n\n\n<p><strong>Lukas Leitner \u2013 Forstdienstleister und Baumsteiger<\/strong><br><strong>Graben 5<br>4152 Sarleinsbach<\/strong><\/p>\n\n\n\n<p>zur\u00fcck. Die Frist ist gewahrt, wenn Sie die Waren vor Ablauf der Frist von 14 Tagen absenden.<\/p>\n","protected":false},"excerpt":{"rendered":"<p>R\u00fccktritts-\/ Widerrufsrecht Sie k\u00f6nnen die erhaltene Ware ohne Angabe von Gr\u00fcnden innerhalb von 14 Tagen durch R\u00fccksendung der Ware zur\u00fcckgeben. Die Kosten der R\u00fccksendung werden vom Kunden getragen. Widerrufsbelehrung Die folgende Widerrufsbelehrung gilt f\u00fcr Vertr\u00e4ge \u00fcber Waren, welche als Paket mit der Post oder einem anderen Versanddienstleister, versandt werden k\u00f6nnen. Widerrufsrecht f\u00fcr paketversandf\u00e4hige Waren Als &hellip; <\/p>\n<p class=\"link-more\"><a href=\"http:\/\/www.leitner-forst.at\/?page_id=478\" class=\"more-link\"><span class=\"screen-reader-text\">\u201eR\u00fccktritts- \/ Widerrufsrecht\u201c<\/span> weiterlesen<\/a><\/p>\n","protected":false},"author":1,"featured_media":0,"parent":0,"menu_order":0,"comment_status":"closed","ping_status":"closed","template":"","meta":{"ngg_post_thumbnail":0},"_links":{"self":[{"href":"http:\/\/www.leitner-forst.at\/index.php?rest_route=\/wp\/v2\/pages\/478"}],"collection":[{"href":"http:\/\/www.leitner-forst.at\/index.php?rest_route=\/wp\/v2\/pages"}],"about":[{"href":"http:\/\/www.leitner-forst.at\/index.php?rest_route=\/wp\/v2\/types\/page"}],"author":[{"embeddable":true,"href":"http:\/\/www.leitner-forst.at\/index.php?rest_route=\/wp\/v2\/users\/1"}],"replies":[{"embeddable":true,"href":"http:\/\/www.leitner-forst.at\/index.php?rest_route=%2Fwp%2Fv2%2Fcomments&post=478"}],"version-history":[{"count":3,"href":"http:\/\/www.leitner-forst.at\/index.php?rest_route=\/wp\/v2\/pages\/478\/revisions"}],"predecessor-version":[{"id":647,"href":"http:\/\/www.leitner-forst.at\/index.php?rest_route=\/wp\/v2\/pages\/478\/revisions\/647"}],"wp:attachment":[{"href":"http:\/\/www.leitner-forst.at\/index.php?rest_route=%2Fwp%2Fv2%2Fmedia&parent=478"}],"curies":[{"name":"wp","href":"https:\/\/api.w.org\/{rel}","templated":true}]}}